ommon factor of 923 and f?
71
Let d(l) = l. Suppose 5*t - 3*t = 4. Suppose 24 = 3*u + 4*q, -t*u + 3 = q - 8. Let y be d(u). Calculate the greatest common divisor of 4 and y.
4
Let y = 428 + -316. Calculate the greatest common factor of 48 and y.
16
Let u = -133 - -258. Suppose -3*d - 2*d + u = 0. Let r = -1382 - -1507. Calculate the greatest common divisor of r and d.
25
Suppose 2860 = 15*z + 11*z. What is the greatest common divisor of 2530 and z?
110
Let x be 3591/12 - 3 - (-24)/32. What is the highest common factor of x and 495?
99
Let d be (18 + -30)*2/(-6). What is the highest common factor of d and 96?
4
Let f be 35/(-21)*((2 - 0) + -5). Calculate the greatest common divisor of f and 9.
1
Let r = -24 + 44. Suppose -13*d + 31 + 34 = 0. What is the greatest common factor of d and r?
5
Suppose -5*c + c + 20 = 2*a, -4*c = -2*a - 20. Let t be 12/(8/28 - a). What is the highest common factor of 105 and t?
21
Suppose -5*p + x + 63 = -3*x, -6 = -p + 3*x. What is the greatest common factor of p and 20?
5
Let h = 216 + -197. What is the greatest common factor of h and 19?
19
Let q(s) = -s**3 + 4*s**2 + 8*s - 11. Let u be q(5). Let p be -1 - (4 - 120/u). Calculate the highest common divisor of p and 25.
25
Suppose 0*r + 2*r = 14. Let d = -2512 - -2568. Calculate the highest common divisor of r and d.
7
Let h = 455 + -439. Suppose 144 = s - 4*t, 3*s = -3*t + 392 - 20. Calculate the highest common divisor of s and h.
16
Let q = -1632 - -1767. Let c = -21 + 36. What is the highest common divisor of c and q?
15
Suppose 2*t + 3*o - 339 = 0, 2*t - 4*o - 241 - 91 = 0. Let h = t + -90. What is the greatest common divisor of h and 6?
6
Let o = -13 + 17. Suppose -m - 4*r = -15 + 34, o*m + 5*r = -32. Let j(a) = -5*a**3 - 4*a**2. Let d be j(m). Calculate the highest common divisor of d and 9.
9
Let m(c) = -7*c**3 - 5*c**2 - 5*c - 1. Let a be m(5). Let q be 2/(-16) - a/144. Suppose b + 7 = 2*b. Calculate the greatest common factor of b and q.
7
Let s(n) = -4*n**2 - 69*n + 49. Let g be s(-17). Calculate the greatest common factor of g and 1122.
66
Let b = -61 - -112. Let u be (1 - 85 - -1) + -1. Let x = u - -118. What is the greatest common divisor of b and x?
17
Suppose -4*c + 11 = 3. Suppose 0 = -c*q - 7*q + 441. Calculate the highest common factor of q and 49.
49
Let x = 0 + 2. Suppose -x*g + 4*g - 224 = 0. Suppose -6*u + 47 = -49. Calculate the greatest common divisor of g and u.
16
Let q = 11 - -110. Suppose -483*n = -492*n + 105 - 6. Calculate the greatest common divisor of q and n.
11
Suppose -o + 0*o = -1. Let a be 4 + -231 + -3 - (-3 + 4). Let h be 3*(a/9)/(-7). What is the highest common factor of h and o?
1
Suppose -4*u - r + 46 = 0, -u + 14*r + 6 = 17*r. Calculate the greatest common divisor of 192 and u.
12
Let m(z) = -3*z - 1. Let d be m(-2). Let o be (13 + -9)*(-2)/(-1). Let t be ((-52)/o + 4)*-10. What is the greatest common divisor of t and d?
5
Let p = -864 - -899. What is the greatest common divisor of p and 2905?
35
Let q = 1373 - 1349. Let l(v) = v**3 - 3*v**2 - v - 4. Let j be l(4). What is the greatest common factor of q and j?
8
Let y be 21*(-3)/(-27)*3. Suppose 2*v = r + 6*v - 8, 3*v = -r + y. Suppose -8 = -r*k - 0*k. Calculate the highest common divisor of 16 and k.
2
Let b(f) be the second derivative of -5*f**3/2 + 9*f**2/2 + 2*f. Let c(k) = -k - 4. Let j be c(3). Let o be b(j). What is the highest common factor of 19 and o?
19
Suppose n - 2*n = 6*n. Suppose n*m - 45 = -5*m. Calculate the greatest common divisor of m and 108.
9
Let f = 2 - -11. Let w = f - 9. What is the highest common factor of w and 6?
2
Let x = 9 - 1. Let l(w) = 16 + 8 + w - x. Let j be l(0). Calculate the greatest common factor of j and 48.
16
Let j be (6 + (-148)/(-6))*12. Calculate the highest common divisor of j and 64.
16
Let s(x) = x**3 - 2*x**2 + 2*x + 10. Let n be s(5). Let m = 282 - n. What is the highest common divisor of 17 and m?
17
Let n = 3 - -31. What is the highest common factor of 442 and n?
34
Suppose 4*m + 16*u - 21*u = 504, 0 = m + 5*u - 126. Suppose 0*z + 28 = 4*z. What is the highest common factor of z and m?
7
Let z(d) = -42*d + 2. Let v be z(-12). Suppose 8*g = 19*g - v. Calculate the greatest common divisor of g and 322.
46
Let l(p) = -p + 5. Let z be l(-7). Let t = 6 - -54. Suppose 0*a - 5*a = -t. Calculate the highest common divisor of z and a.
12
Suppose 11 = -i + 40. Let k = i + -19. Let r be 2/k + (-84)/(-5). Calculate the highest common divisor of 85 and r.
17
Let j(f) = -4*f - 15. Let s be j(-7). Suppose -14 = -s*t + 12*t. What is the greatest common factor of t and 14?
14
Let j = 1285 + -1129. What is the highest common factor of 65 and j?
13
Suppose 107 = f + 1. Let b = -81 + f. Calculate the highest common divisor of b and 15.
5
Let s = -341 + 368. Let r(w) = -19*w - 1. Let o be r(-1). Calculate the highest common factor of s and o.
9
Suppose r - 3*u = 27, r = -3*u + 7 + 26. Let s = -399 + 411. What is the highest common divisor of s and r?
6
Let w(d) = d**3 - 7*d - 8*d**2 - d**2 - 2*d - 9. Let l be w(10). Let q(f) = -f + 1. Let x be q(-1). What is the highest common divisor of x and l?
1
Let r(n) = n**3 + 7*n**2 + 7*n - 6. Let f be r(-4). Calculate the highest common factor of 14 and f.
14
Suppose -9*y - y = -47770. What is the greatest common factor of 17 and y?
17
Let y(o) = 3*o**2 + 9*o - 14. Suppose 10 = 3*j + 3*s - 8, -4*s + 30 = 5*j. Let h be y(j). What is the highest common divisor of 37 and h?
37
Suppose 0 = 56*r - 876 - 244. Calculate the highest common factor of r and 740.
20
Let n(p) be the second derivative of p**4/12 - p**3/6 - 5*p**2/2 - 3*p. Suppose 4*l + 10 = 6*l. Let x be n(l). What is the highest common divisor of x and 10?
5
Suppose -77 = 5*y + 3. Let s = -19 - y. Let i = -2 - s. What is the highest common divisor of i and 1?
1
Let q = 113 + -107. Calculate the greatest common factor of 26 and q.
2
Let k(v) = v**3 - 5*v**2 + 5*v + 2. Suppose -51 = -3*m + 6*m. Let f = m - -21. Let b be k(f). Calculate the greatest common divisor of b and 4.
2
Suppose -9 = -m - 2. Let t(v) = -v**2 + 9*v - 8. Let p be t(m). Let q be p/(-8)*-24*1. What is the highest common divisor of 45 and q?
9
Let y(t) = -3*t - 17. Let l be y(-7). Suppose u = 1 - l. Let p be u - 7/((-7)/87). What is the highest common divisor of p and 21?
21
Suppose -51*v = 116*v - 600 - 903. Suppose 0*s + 3 = s. Let x be ((-3)/2)/s*-18. Calculate the greatest common factor of v and x.
9
Suppose -3*u + 45 = -v - 95, u - 3*v = 44. Calculate the greatest common divisor of u and 893.
47
Let t(w) = -13*w**2 - 2*w + 1. Let h be t(1). Let r = h + 9. Let m = r - -16. Calculate the highest common divisor of 11 and m.
11
Let d = -15 - -24. Suppose j - d = -0. Let o = 17 - j. What is the greatest common factor of o and 80?
8
Let w(g) = 2*g**2 + 5*g + 11. Let n be w(-11). Calculate the greatest common factor of 88 and n.
22
Let s be ((-26)/8 + (-4)/(-16))*4. Let d be ((-8)/s)/(2/180). What is the highest common divisor of 180 and d?
60
Let k = 93 + -84. Calculate the greatest common divisor of 153 and k.
9
Let z(t) = t**3 + 12*t**2 - 100*t + 14. Let u be z(8). What is the greatest common factor of u and 52?
26
Suppose -2*k = -0*k - 2*c - 12, -c - 10 = -2*k. Let d be (-9)/(-4) - 15/60. What is the highest common factor of k and d?
2
Let o(b) = -8*b - 26. Suppose 2 - 8 = t. Let h be o(t). Calculate the greatest common divisor of h and 33.
11
Suppose -2*m + 3222 = 4*j, 868 = -2*m + 4*j + 4114. What is the greatest common factor of 33 and m?
33
Suppose f + 39 = 42. What is the highest common divisor of 111 and f?
3
Let n = -13 + 18. Let y = 5 - n. Suppose y = 11*i - 6*i - 65. What is the greatest common factor of 117 and i?
13
Suppose -12185 + 2441 = -7*c. Calculate the highest common divisor of c and 48.
48
Suppose -4*n = 2*b + 6, -n - 2*n = -5*b + 37. Suppose -b*l + 11 = -64. What is the greatest common factor of l and 15?
15
Let u = 4 - 2. Suppose u = s + 3*t - 9, 0 = -4*t + 12. What is the greatest common divisor of s and 2?
2
Let q = -1295 + 1296. Let j(g) = 2*g - 5. Let v be j(4). Let x be (-2)/v - 5/(-3). Calculate the highest common factor of x and q.
1
Let w be (-4684)/(-24) - (-6)/(-36). Suppose w + 156 = 9*i. What is the greatest common divisor of 117 and i?
39
